pose 0 = 2*h - 4*h + 6. Calculate the remainder when 82 is divided by 14/2*(h + 1).
26
Let o(k) = 3*k**2 - 2*k + 1. Let u be o(-2). Suppose 5*p - 4*b = 152, 5*p - 166 + u = 3*b. Suppose 6*l = l + 50. What is the remainder when p is divided by l?
8
Let h = 47 + -20. What is the remainder when 103 is divided by h?
22
Let k(y) = 2*y**2 - 3*y + 2. Let o be ((-16)/(-10))/((-4)/(-10)). Suppose -o*s = f - 4, -f + s + 28 = -3*s. Calculate the remainder when k(-4) is divided by f.
14
Let i(z) = 2*z**2 - 11*z - 5. Let p be i(10). Suppose -x + p = 5*f, -f + 20 + 1 = x. Let h(b) = b**2 - 4*b - 6. What is the remainder when f is divided by h(6)?
4
Suppose 5*m = -15, s + 0*m = -2*m + 5. Let x(l) = -l**3 - 6*l**2 - 6*l - 3. Let i be x(-5). Let g = s - i. Calculate the remainder when g is divided by 5.
4
Suppose 3*a + 40 = -2*a. Let u be (-2)/8 - 290/a. Suppose u = 4*o - 4*i + 8, -4*o + 25 = -5*i. What is the remainder when o is divided by 6?
4
Let h be -1 + (-2)/(2/23). Let n = h - -60. Calculate the remainder when n is divided by 13.
10
Suppose 3*i - 78 = -3*h, -3*h + 86 = 4*i - 3*i. What is the remainder when 58 is divided by h?
28
Let b = -9 - -18. Let l(z) = z**3 - 3*z + 1. Calculate the remainder when b is divided by l(2).
0
Let j be (33/6)/((-2)/(-28)). Suppose 14 = -3*v + j. Let c = 34 - v. Calculate the remainder when 25 is divided by c.
12
Let c(v) = 11*v**3 - v**2 + 2. Let u be c(2). Suppose -2*o + 203 = 5*a - 21, u = 2*a - o. Calculate the remainder when a is divided by 16.
12
Let o = 0 + 30. Calculate the remainder when o is divided by 12.
6
Let l(i) = i + 4. Let q be l(0). Suppose 2 = -2*m, 0*r - 80 = -3*r - q*m. What is the remainder when r is divided by 15?
13
Suppose 20*t - 98 = 6*t. What is the remainder when 102 is divided by t?
4
Let a = 16 + -1. What is the remainder when a is divided by 2?
1
Let z(c) = -c + 11. Let b be z(8). Let u = -1 - -4. What is the remainder when u is divided by (-3)/b*(-1 + -1)?
1
Let g = -166 - -297. Suppose -3*p = 2*u + 39 - g, 0 = 3*p - 5*u - 106. Let r(n) = n**2 - 4*n + 6. Calculate the remainder when p is divided by r(5).
10
Suppose 15*x - 148 - 317 = 0. Suppose 3*i + 3*y = 36, -y - 2*y + 58 = 5*i. Calculate the remainder when x is divided by i.
9
Let l(x) = x - 4*x + 5 - x. Let t(o) = -2*o. Let z be t(2). What is the remainder when l(z) is divided by 11?
10
Suppose -79 - 26 = -5*z. What is the remainder when (-5)/5*3 - -65 is divided by z?
20
Let t = 10 - 15. Let s(p) = p**2 + 5*p + 7. What is the remainder when 13 is divided by s(t)?
6
Let j = 68 + -53. What is the remainder when 43 is divided by j?
13
Let g = 42 + 1. Let a = -29 - -44. Calculate the remainder when g is divided by a.
13
Calculate the remainder when ((-3 - -10) + 1)*45/10 is divided by (-3)/((-3)/(-2)) - -21.
17
Let t(u) = -3*u + 6. Calculate the remainder when t(-9) is divided by 12.
9
Let m(k) = -k**2 + 5*k - 2. Let l be m(4). Suppose -1 = l*u - 3. What is the remainder when (-85)/u*(-8)/20 is divided by 12?
10
Let m(a) = -a**2 - a + 29. Suppose 8 + 4 = -4*g, -4*d = 4*g - 12. Suppose 0 = d*k - 3*k. What is the remainder when m(k) is divided by 10?
9
Suppose 3*m + 41 - 131 = 0. Let a = -69 + 59. Let r = m + a. Calculate the remainder when r is divided by 7.
6
Let x(z) = 2*z + 6. Let g be x(-5). Let a(y) = y**3 + 6*y**2 + 3*y + 5. Calculate the remainder when a(g) is divided by 9.
7
Let s(v) = -2*v + 7. Let i be s(8). Calculate the remainder when 15 is divided by 0/12 - (1 + i).
7
Let i(g) = 6*g - 25. Calculate the remainder when 51 is divided by i(6).
7
Let p = 32 - 15. Calculate the remainder when p is divided by ((-24)/10)/((-12)/30).
5
Suppose -t = 2*t + 27. Let n = -3 - t. Calculate the remainder when 10 is divided by n.
4
Suppose -7*g + 3*g - 16 = 0, -2*g - 15 = -a. Suppose 0 = 2*f - 3*n + 31, 7 + 23 = -5*f - 2*n. Let c = f - -27. Calculate the remainder when c is divided by a.
5
Let h(f) = 2*f**3 - 8*f**2 + 2*f + 9. What is the remainder when h(5) is divided by 19?
12
Let h be 1/(-6)*4*-3. Suppose -5*o - 11 = m, h*m - 54 = 5*o - 16. Calculate the remainder when 25 is divided by m.
7
Let t(o) = o**3 - o**2. Let a be t(1). Suppose -n + 55 = -a*n. Calculate the remainder when n is divided by 14.
13
Suppose -2*a + 16 = -0*a + 4*o, -6 = -2*o. Suppose -1 = -2*l + 3. Calculate the remainder when l is divided by a.
0
Suppose 0 = 2*w - 11 - 11. What is the remainder when w is divided by 6?
5
Let f be (1 - 3)*10/(-4). Suppose -2*c + 62 = f*t + 2*c, -t - 4*c = -6. Let d(m) = m**3 - 6*m**2 - m - 1. What is the remainder when d(7) is divided by t?
13
Let f = -54 - -57. Calculate the remainder when 34 is divided by f.
1
Let w = -27 - -36. Suppose 0 = -2*i + 15 - 3. Calculate the remainder when w is divided by i.
3
Calculate the remainder when 32 is divided by 11*1/(1 + 0).
10
Suppose b - 2*s - 187 = 0, -555 = -3*b + s + 2*s. Calculate the remainder when b is divided by 31.
28
Let a(c) = c**3 + 6*c**2 + 7*c + 5. Suppose 8 = 4*z - 5*f + 81, 0 = 4*z - 2*f + 58. Let j = z - -29. Calculate the remainder when j is divided by a(-4).
8
Suppose -8*a - 308 = -15*a. Calculate the remainder when a is divided by 26.
18
Suppose -3*j = -s - 49, -4*s + 10 = s. Let l(t) = t**3 - 19*t**2 - t - 3. Let f be l(19). Let u = f - -53. What is the remainder when u is divided by j?
14
Let m = 11 - 0. Let s = -88 - -164. Suppose 4*c - 3*f = -f + s, 5*c = -2*f + 104. What is the remainder when c is divided by m?
9
Let f(n) = 3*n - 2. Let r(d) = d**2 + 3*d - 11. Calculate the remainder when f(5) is divided by r(-6).
6
What is the remainder when 2/(-2)*1 - (-7 - 74) is divided by 17?
12
Let q = 11 - 7. Suppose -18 = -5*n + 2, -q*n - 2 = -2*a. What is the remainder when a is divided by 6?
3
Let v = 126 + -87. What is the remainder when v is divided by 21?
18
Suppose 0 = -4*y - 0*y + 8. Suppose -5*l - 56 = 3*d - 259, -d = -y*l + 79. What is the remainder when l is divided by 14?
12
Suppose -2*w + 2 = 62. Let f = w + 77. Calculate the remainder when f is divided by 16.
15
Suppose 0 = -3*t - 5*y + 24, t = y + y - 3. Suppose t*c = 4*c. Calculate the remainder when 18 is divided by 10 + c + 0/(-3).
8
Let o = 35 + -29. Calculate the remainder when -3*1*(-10)/3 is divided by o.
4
Suppose 0 = 3*f - f - 64. Let n = f + 10. Calculate the remainder when n is divided by 11.
9
Suppose 30*o - 37*o = -112. What is the remainder when 21 is divided by o?
5
Let i = 11 - -9. Calculate the remainder when 57 is divided by i.
17
Suppose 0 = -4*z - 3*i + 333, 79 = 2*z + 3*i - 80. Calculate the remainder when z is divided by 11.
10
Let x(r) = -2*r**3 + r**2 + 2*r + 5. Let c(t) = -t**2 - 6*t - 5. Calculate the remainder when x(0) is divided by c(-4).
2
Suppose 2*a - a = 4. Calculate the remainder when 3/5 + (-2064)/(-60) is divided by 4*(1 + a + -2).
11
Let x = 86 - 80. What is the remainder when 88 is divided by x?
4
Let o(x) = 7*x**2 + x + 1. Suppose 3*l + 5 = 2. Let a = 14 - 3. Calculate the remainder when a is divided by o(l).
4
Let g = -31 - -41. What is the remainder when 59 is divided by g?
9
Suppose 0 = 2*w - 4*y - 18, 0 = w - y + 6*y + 12. Calculate the remainder when w is divided by (6/(-4))/(9/(-12)).
1
Let b be -1*(0/(-2) + -3). What is the remainder when 42 is divided by 11/(b/(3 + 0))?
9
Let c = -197 - -205. What is the remainder when c is divided by 6*((-6)/(-4))/3?
2
Suppose 6 + 10 = 4*n - 4*p, -4*n + 3*p = -15. Suppose -n*g = -s + 16, -4*s = 2*g - g - 51. Calculate the remainder when s is divided by 5.
3
Let y(i) = -i - 7. What is the remainder when 3 is divided by y(-9)?
1
Let m = -32 + 90. Let h = 9 + -5. Suppose 2*j = h*j - m. Calculate the remainder when j is divided by 10.
9
Let x = 95 - 60. What is the remainder when x is divided by 12?
11
Let b(a) = -a + 8. Let y be b(-7). Calculate the remainder when 16 is divided by (12/(-20))/((-1)/y).
7
Suppose 4*s = 2*b + 36, 4*s - 3*b + 4*b = 36. Calculate the remainder when 15 is divided by s.
6
Let q(k) be the second derivative of k**4/3 + k**3/3 - k**2 + k. What is the remainder when 37 is divided by q(-2)?
7
Let o be ((-2)/5)/(1/(-10)). Let i(f) = 4*f**2 - 3*f + 3. Let y be i(4). What is the remainder when 46 is divided by o/22 - (-650)/y?
10
Let q = 121 - 104. Calculate the remainder when 101 is divided by q.
16
Suppose -k - 2*k =